Suppose 0*v - 3*v + 84 = -3*t, -87 = -s*v - t. Is v a composite number?
False
Let f(d) be the first derivative of -d**2/2 - 11*d + 3. Let a be f(-7). Is 424/(-4)*2/a a composite number?
False
Let x be ((-4)/(-2))/(2/3). Suppose 4*m - x - 17 = 0. Suppose -4*y = -8 + 4, 55 = 4*t - m*y. Is t composite?
True
Let d be -1 + 355/(-40) + (-3)/24. Let i(y) = -y**3 - 9*y**2 - y - 13. Is i(d) a prime number?
True
Is -7237*1*6*3/(-18) a prime number?
True
Let i(o) = -574*o - 29. Is i(-3) a composite number?
False
Let c be 173774/(-114) + -2*2/6. Let u = -410 - c. Is u composite?
True
Let r(x) = x**3 - 7*x**2 + x - 7. Let f be r(7). Suppose f*k - 2*k = -634. Is k composite?
False
Let x be 1 - 7/3*3. Let j be (-5)/15 + (-320)/(-6). Let m = j - x. Is m a composite number?
False
Suppose -4150 = 2*n - 12*n. Is n composite?
True
Suppose 0 = w + w. Let l be 11/2*(11 + -7). Is l + w*4/8 a composite number?
True
Let i(j) = -700*j**3 - 2*j**2 + 8*j + 11. Is i(-3) composite?
False
Suppose 4*u + 380 = -4*g + 48, 0 = 2*g - 3*u + 151. Let o = -335 - -498. Let a = g + o. Is a a composite number?
False
Let c(i) = 3*i - 8. Let l be c(-4). Let m(u) = u**3 + 24*u**2 + 10*u - 1. Is m(l) a composite number?
False
Let v = 40650 + 40681. Is v composite?
False
Suppose 5*q + 4*m = 3677, 5*q - 5*m = 2376 + 1274. Is q composite?
False
Suppose 2*r = 2*d + 5542, -r + d + 2786 = 3*d. Let i = -1409 + r. Is i a prime number?
True
Let t(h) = 28*h**3 + h**2 + 3*h - 1. Let k be t(2). Suppose -a = -m - 44, -a + 0*m + 36 = 3*m. Suppose -a - k = -5*f. Is f prime?
False
Let x be 26/4 + (-10)/(-4). Is 1481/(((-4)/6)/((-6)/x)) a prime number?
True
Let o(t) = t**3 - 3*t + 2. Suppose -6*w = -4*w - 4. Let a be o(w). Suppose 2435 = j + a*j. Is j prime?
True
Suppose l - 3*l + 2032 = 0. Let b = 1542 - l. Let u = -227 + b. Is u composite?
True
Suppose 0 = 3*w + 5*x - 15 - 6, -w = 3*x - 11. Suppose w*d = 2*b - 4666, 2333 = b + 2*d - 5*d. Is b a prime number?
True
Let f = -1921 + 4380. Is f a prime number?
True
Suppose -2*v - 5*h + 14 = 0, -3*v + 5*h = -v + 6. Suppose v*k + 1630 = 4*k. Suppose -z - 4*z = -k. Is z composite?
False
Let f(m) = -2*m + 11. Let t = 33 - -15. Let y be 7/((-28)/t) - 1. Is f(y) composite?
False
Suppose 47*j - 49*j + 3963 = o, 4*o - 2*j = 15822. Is o a prime number?
False
Let x(q) = -q**3 - 5*q**2 + 2*q + 6. Suppose 0*z + 3*z + 15 = 0. Let b be x(z). Is (-2 + -2)*157/b a prime number?
True
Suppose -5 - 1 = -3*s. Suppose -4 = -2*i - s. Is 37 + 0 - 0/i composite?
False
Let h(b) = b**3 - 3*b**2 - 3*b + 1. Suppose -17*j + 10 = -12*j. Let v be h(j). Is (v - -4) + 2 + 1154 prime?
True
Is 2932*((-26)/(-8))/13 prime?
True
Let f(p) = p**2 - 7*p - 3. Let m(h) = -2*h**3 + 1. Let w be m(2). Is f(w) prime?
False
Let x(r) = r + 1. Let f(j) = -63*j**2 + 3*j + 5. Let o(k) = -k**2 - 1. Let c(q) = -f(q) - 3*o(q). Let m(v) = c(v) + 3*x(v). Is m(1) a prime number?
True
Is (2/(-4))/((-75)/4564050) a composite number?
False
Is 4 + -6 + 4*1119 composite?
True
Is (1530594/138)/3 + (-6)/69 prime?
True
Suppose 5*i + 1 = 26, 0 = 4*z - 4*i - 22472. Is z prime?
True
Let b(q) = -q + 3. Let c be b(-5). Let w = 184 - -17. Suppose 5*z + w = c*z. Is z a prime number?
True
Let t(s) = 2*s**2 - 6*s + 42. Let h be t(14). Is (h - 3) + 1/2*0 a composite number?
False
Suppose 4*k + 12 = 4*x, -6 - 6 = -x + 4*k. Suppose 83 = 5*o - 4*i, x*i = o - i - 17. Is 134/6 - 5/o prime?
False
Let s be (((-18)/(-8))/1)/(10/1720). Suppose -u - 2*u - 174 = 0. Let h = u + s. Is h composite?
True
Let b(y) = y**2 - 13*y - 31. Let d be b(15). Is d + 338 - (4 - 2) a composite number?
True
Let f = 1296 + 413. Is f prime?
True
Suppose 11*j - 90425 = -5*l + 15*j, 0 = 5*l - 3*j - 90430. Is l composite?
False
Let u be (4 - -823)/(-1 + -2 + 2). Let h = 4270 + u. Is h a prime number?
False
Suppose -4*y + 2622 + 114 = 0. Suppose y + 4650 = 6*p. Is p a prime number?
False
Suppose 5718 + 13950 = 12*u. Is u a prime number?
False
Is (-2 + 536)*3 - 5 prime?
True
Is 27282/4*(-7)/(252/(-24)) a prime number?
True
Let n = 1240 + -2344. Is 1/((-8)/106*12/n) composite?
True
Suppose -j - 43357 = -3*y, j + j - 14457 = -y. Is y prime?
False
Let o(i) = -i + 12. Let y be o(5). Suppose -13*r + 2334 = -y*r. Is r composite?
False
Let n = -1739 + 3079. Let g = -500 + n. Let x = g + -353. Is x a composite number?
False
Let c(j) = -340*j - 43. Let v be c(-15). Let z = v - 3108. Is z prime?
True
Let c(x) = -2 + 21*x**2 - 33*x**3 + 0*x + 2*x + 1 - 20*x**2. Is c(-2) a prime number?
True
Suppose -s - 33 = -h - 4*h, 5*h = 4*s + 42. Let o = 1 + h. Suppose o*z - 3*z = 844. Is z prime?
True
Let x = 15674 + -9189. Suppose 0 = -4*a + x - 945. Is a composite?
True
Let t(v) = -v + 9. Let w = -23 - -31. Let j be t(w). Is j + (521 + 1 - 2) prime?
True
Is (15 + -10 - -2012)*(-3)/(-1) a composite number?
True
Let q(n) = -140*n + 227. Is q(-4) prime?
True
Let u(b) = -b**3 + 7*b**2 - 8*b - 5. Let i be u(6). Let d = -17 - i. Let v(n) = n**2 - n + 707. Is v(d) a prime number?
False
Suppose 3*z + 2*z = -20, -5*y - 5*z + 90 = 0. Let j = y - -34. Suppose 0 = 2*o - j - 54. Is o prime?
False
Let a = -25 + 28. Suppose -a = c + 2*c, -4*b = 4*c + 164. Let m = b + 62. Is m prime?
False
Let w(x) = 62*x**2 + x - 7. Let z be w(6). Suppose 641 = -9*n - 9385. Let k = n + z. Is k a prime number?
True
Let b(m) = 84603*m - 106. Is b(1) prime?
False
Let u(z) = z - 9. Let j be u(0). Is 0 + 917 - (j - -5) composite?
True
Is 0 + 139676/22 + 28/308 prime?
False
Let c = 738 + -41. Is c a prime number?
False
Suppose 5*t - 9 - 1 = 0. Suppose 3*a = -5*p - 13 - 3, t*a = -p + 1. Suppose -231 - 114 = -a*s. Is s a composite number?
True
Suppose 0 = -3*f + 3*x - 9, 5*f + 15 - 3 = 4*x. Suppose f = 8*d - 639 - 985. Is d composite?
True
Let f = -873 - -1232. Is f a prime number?
True
Suppose 5*c + 3*n = 890, -n + 1012 = 4*c + 300. Suppose 4*j - 5*j = -c. Suppose -x + j = 51. Is x composite?
False
Suppose -16 = 4*n, 3*b - 6379 - 4294 = 5*n. Is b composite?
True
Suppose 19591 = 17*b - 4*b. Is b a composite number?
True
Let m = -7012 + 10651. Is m prime?
False
Let g = -2569 + 4588. Suppose 31*k = 34*k - g. Is k a composite number?
False
Suppose -3*p - p = 3*t - 304, -5*t = -p + 99. Is p a prime number?
True
Let m(l) = -2*l**2 - 23*l - 18. Let r be m(-10). Suppose 21*t - 333 = r*t. Is t a composite number?
False
Suppose 3*o - 3656 = -2*f, 0 = -5*o + 5*f + 6790 - 705. Let v = 319 + -672. Let d = o + v. Is d a prime number?
False
Let i be 310/14 + (-2)/14. Suppose 24*r = i*r + 10. Suppose 0 = -r*p + 2*q + 1087, 0 = 3*p - 2*p + 5*q - 239. Is p composite?
True
Let z(m) = -1 - 2*m - 9 + 8 + 234*m**2. Let k be z(-2). Suppose -3*s - 946 = -2*x, s = 2*x - 0*s - k. Is x composite?
False
Let m(f) = 35*f - 20. Let a be m(14). Let x = a + -686. Let r = x + 509. Is r prime?
True
Suppose 4*q - f = 96624, -3*q - 3*f = -0*f - 72453. Is q a prime number?
False
Let f(x) = -x**3 + 12*x**2 - 11*x + 18. Let p be f(13). Let j = 641 + p. Is j a composite number?
False
Suppose -5*s - 14*a = -13*a - 11427, 0 = -4*s - 5*a + 9150. Is s a prime number?
False
Let h(v) = 18539*v + 118. Is h(5) prime?
False
Suppose -4*x + 3*w + 2*w = -19107, 5*x + 5*w - 23940 = 0. Is x composite?
False
Suppose -3*g = -16*g + 68887. Is g composite?
True
Let w(k) = 20*k + 20993. Is w(0) composite?
True
Is 1*(-6)/(-12)*36962 prime?
True
Let d(w) = 2*w**2 + 3 + 11*w - 17 + 5 + 10. Let f be d(-11). Let c = f - -9. Is c composite?
False
Let k(a) = 3718*a**3 - 2*a**2 + a + 2. Is k(1) prime?
True
Let z = -12770 - -18871. Is z a composite number?
False
Let j(g) = -g**2 + 6*g + 2. Let o be j(4). Suppose o*h - 229 = -39. Is h a prime number?
True
Let k(n) be the third derivative of n**5/6 - n**3/2 - 4*n**2. Let v = -2 - -4. Is k(v) a composite number?
False
Let z(g) be the first derivative of -31*g**2/2 - 9*g - 9. Let h be z(8). Let d = -180 - h. Is d a composite number?
True
Let g be (-6)/(-14) - (-2514)/14. Let m = g - 62. Is m a composite number?
True
Suppose -231189 = -37*a + 162898. Is a prime?
True
Suppose 2*w - 20 = 4*b, w - 4*b = 4*w. Suppose -a = x - 248, -w*a + 1099 = 3*x + 104. Is a composite?
False
Let f = 1342 + -637. Suppose o - 282 = -2*p, 0 = -5*p - 0*p - o + f. Let u = p + -82. Is u a composite number?
False
Let b(o) = o**3 + 6*o**2 + 5*o. Let f be b(-5). Suppose f